{"id":9,"date":"2021-05-20T15:33:25","date_gmt":"2021-05-20T15:33:25","guid":{"rendered":"https:\/\/staging.thejollyguest.com\/blog\/?page_id=9"},"modified":"2023-04-18T09:59:31","modified_gmt":"2023-04-18T07:59:31","slug":"category-prensa-the-jolly-guest","status":"publish","type":"page","link":"https:\/\/www.thejollyguest.com\/blog\/category-prensa-the-jolly-guest\/","title":{"rendered":"PRENSA"},"content":{"rendered":"\t\t<div data-elementor-type=\"wp-page\" data-elementor-id=\"9\" class=\"elementor elementor-9\">\n\t\t\t\t\t\t\t\t\t<section class=\"elementor-section elementor-top-section elementor-element elementor-element-e11b903 elementor-section-boxed elementor-section-height-default elementor-section-height-default\" data-id=\"e11b903\" data-element_type=\"section\">\n\t\t\t\t\t\t<div class=\"elementor-container elementor-column-gap-default\">\n\t\t\t\t\t<div class=\"elementor-column elementor-col-100 elementor-top-column elementor-element elementor-element-53d1fbf\" data-id=\"53d1fbf\" data-element_type=\"column\">\n\t\t\t<div class=\"elementor-widget-wrap elementor-element-populated\">\n\t\t\t\t\t\t\t\t<div class=\"elementor-element elementor-element-602e41a elementor-widget elementor-widget-heading\" data-id=\"602e41a\" data-element_type=\"widget\" data-widget_type=\"heading.default\">\n\t\t\t\t<div class=\"elementor-widget-container\">\n\t\t\t<h2 class=\"elementor-heading-title elementor-size-default\">Hablan de nosotros<\/h2>\t\t<\/div>\n\t\t\t\t<\/div>\n\t\t\t\t<div class=\"elementor-element elementor-element-b4678e4 elementor-widget elementor-widget-spacer\" data-id=\"b4678e4\" data-element_type=\"widget\" data-widget_type=\"spacer.default\">\n\t\t\t\t<div class=\"elementor-widget-container\">\n\t\t\t\t\t<div class=\"elementor-spacer\">\n\t\t\t<div class=\"elementor-spacer-inner\"><\/div>\n\t\t<\/div>\n\t\t\t\t<\/div>\n\t\t\t\t<\/div>\n\t\t\t\t\t<\/div>\n\t\t<\/div>\n\t\t\t\t\t\t\t<\/div>\n\t\t<\/section>\n\t\t\t\t<section class=\"elementor-section elementor-top-section elementor-element elementor-element-75688e2 elementor-section-full_width elementor-section-height-default elementor-section-height-default\" data-id=\"75688e2\" data-element_type=\"section\">\n\t\t\t\t\t\t<div class=\"elementor-container elementor-column-gap-default\">\n\t\t\t\t\t<div class=\"elementor-column elementor-col-50 elementor-top-column elementor-element elementor-element-f26ff41\" data-id=\"f26ff41\" data-element_type=\"column\">\n\t\t\t<div class=\"elementor-widget-wrap elementor-element-populated\">\n\t\t\t\t\t\t\t\t<div class=\"elementor-element elementor-element-b685fa8 elementor-widget elementor-widget-image\" data-id=\"b685fa8\" data-element_type=\"widget\" data-widget_type=\"image.default\">\n\t\t\t\t<div class=\"elementor-widget-container\">\n\t\t\t\t\t\t\t\t\t\t\t\t\t\t\t<img width=\"272\" height=\"198\" src=\"https:\/\/www.thejollyguest.com\/blog\/wp-content\/uploads\/2021\/08\/plan-fin-de-semana.jpg\" class=\"attachment-large size-large\" alt=\"Plan Fin de semana\" loading=\"lazy\" srcset=\"https:\/\/www.thejollyguest.com\/blog\/wp-content\/uploads\/2021\/08\/plan-fin-de-semana.jpg 272w, https:\/\/www.thejollyguest.com\/blog\/wp-content\/uploads\/2021\/08\/plan-fin-de-semana-82x60.jpg 82w\" sizes=\"(max-width: 272px) 100vw, 272px\" \/>\t\t\t\t\t\t\t\t\t\t\t\t\t\t\t<\/div>\n\t\t\t\t<\/div>\n\t\t\t\t\t<\/div>\n\t\t<\/div>\n\t\t\t\t<div class=\"elementor-column elementor-col-50 elementor-top-column elementor-element elementor-element-591d0fb\" data-id=\"591d0fb\" data-element_type=\"column\">\n\t\t\t<div class=\"elementor-widget-wrap elementor-element-populated\">\n\t\t\t\t\t\t\t\t<div class=\"elementor-element elementor-element-63bd93d elementor-widget elementor-widget-text-editor\" data-id=\"63bd93d\" data-element_type=\"widget\" data-widget_type=\"text-editor.default\">\n\t\t\t\t<div class=\"elementor-widget-container\">\n\t\t\t\t\t\t\t<div class=\"row mb-4\"><div class=\"col\"><p style=\"text-align: justify;\"><span style=\"color: #000000;\">\u00abEl\u00a0<strong>intercambio de casas<\/strong>\u00a0es una filosof\u00eda de viaje basada en la\u00a0<strong>confianza, el respeto y la amistad<\/strong>, forma parte de la econom\u00eda colaborativa donde no existe ninguna transacci\u00f3n econ\u00f3mica y por ello, es la forma m\u00e1s econ\u00f3mica de viajar.\u00bb <\/span><span style=\"text-decoration: underline;\"><strong><span style=\"color: #e63b64;\"><a class=\"btn btn-main btn-xs float-right\" style=\"color: #e63b64; text-decoration: underline;\" href=\"https:\/\/www.planfindesemana.es\/informacion\/intercambio-de-casas.php\" target=\"_blank\" rel=\"noopener noreferrer\">Leer m\u00e1s<\/a><\/span><\/strong><\/span><\/p><\/div><\/div><div class=\"row mb-4\" style=\"text-align: justify;\">\u00a0<\/div>\t\t\t\t\t\t<\/div>\n\t\t\t\t<\/div>\n\t\t\t\t\t<\/div>\n\t\t<\/div>\n\t\t\t\t\t\t\t<\/div>\n\t\t<\/section>\n\t\t\t\t<section class=\"elementor-section elementor-top-section elementor-element elementor-element-5e704ce elementor-section-boxed elementor-section-height-default elementor-section-height-default\" data-id=\"5e704ce\" data-element_type=\"section\">\n\t\t\t\t\t\t<div class=\"elementor-container elementor-column-gap-default\">\n\t\t\t\t\t<div class=\"elementor-column elementor-col-50 elementor-top-column elementor-element elementor-element-cbc19c4\" data-id=\"cbc19c4\" data-element_type=\"column\">\n\t\t\t<div class=\"elementor-widget-wrap elementor-element-populated\">\n\t\t\t\t\t\t\t\t<div class=\"elementor-element elementor-element-5d03eee elementor-widget elementor-widget-image\" data-id=\"5d03eee\" data-element_type=\"widget\" data-widget_type=\"image.default\">\n\t\t\t\t<div class=\"elementor-widget-container\">\n\t\t\t\t\t\t\t\t\t\t\t\t\t\t\t<img width=\"276\" height=\"202\" src=\"https:\/\/www.thejollyguest.com\/blog\/wp-content\/uploads\/2021\/08\/digital-asturias.jpg\" class=\"attachment-large size-large\" alt=\"Digital Asturias\" loading=\"lazy\" srcset=\"https:\/\/www.thejollyguest.com\/blog\/wp-content\/uploads\/2021\/08\/digital-asturias.jpg 276w, https:\/\/www.thejollyguest.com\/blog\/wp-content\/uploads\/2021\/08\/digital-asturias-82x60.jpg 82w\" sizes=\"(max-width: 276px) 100vw, 276px\" \/>\t\t\t\t\t\t\t\t\t\t\t\t\t\t\t<\/div>\n\t\t\t\t<\/div>\n\t\t\t\t\t<\/div>\n\t\t<\/div>\n\t\t\t\t<div class=\"elementor-column elementor-col-50 elementor-top-column elementor-element elementor-element-e36730e\" data-id=\"e36730e\" data-element_type=\"column\">\n\t\t\t<div class=\"elementor-widget-wrap elementor-element-populated\">\n\t\t\t\t\t\t\t\t<div class=\"elementor-element elementor-element-681dbd2 elementor-widget elementor-widget-text-editor\" data-id=\"681dbd2\" data-element_type=\"widget\" data-widget_type=\"text-editor.default\">\n\t\t\t\t<div class=\"elementor-widget-container\">\n\t\t\t\t\t\t\t<div class=\"container p-4\"><div class=\"row mb-4\"><div class=\"col\"><p style=\"text-align: justify;\"><span style=\"color: #000000;\">\u00abThe JollyGuest no es solo un sistema de\u00a0<strong>intercambio de casas<\/strong>, sino que es un estilo de vida para disfrutar de forma \u00fanica. Es la\u00a0<strong>primera plataforma Espa\u00f1ola<\/strong> donde este tipo de experiencias cercanas, marca la diferencia con otros estilos de viajes.\u00bb <\/span><strong><span style=\"color: #e63b64;\"><a class=\"btn btn-main btn-xs float-right\" style=\"color: #e63b64; text-decoration: underline;\" href=\"https:\/\/www.eldigitaldeasturias.com\/magazine365\/la-primera-web-de-intercambio-de-casas-espanola-viaja-en-pandemia-desde-el-turismo-responsable\/\" target=\"_blank\" rel=\"noopener noreferrer\">Leer m\u00e1s<\/a><\/span><\/strong><\/p><\/div><\/div><\/div><footer class=\"mg-footer\"><div class=\"mg-footer-widget\"><div class=\"container\"><div class=\"row\"><div class=\"col-lg-9 col-sm-12\"><div class=\"row\"><div class=\"col-lg-4 col-6\"><div class=\"widget\">\u00a0<\/div><\/div><\/div><\/div><\/div><\/div><\/div><\/footer>\t\t\t\t\t\t<\/div>\n\t\t\t\t<\/div>\n\t\t\t\t\t<\/div>\n\t\t<\/div>\n\t\t\t\t\t\t\t<\/div>\n\t\t<\/section>\n\t\t\t\t<section class=\"elementor-section elementor-top-section elementor-element elementor-element-5f56027 elementor-section-boxed elementor-section-height-default elementor-section-height-default\" data-id=\"5f56027\" data-element_type=\"section\">\n\t\t\t\t\t\t<div class=\"elementor-container elementor-column-gap-default\">\n\t\t\t\t\t<div class=\"elementor-column elementor-col-50 elementor-top-column elementor-element elementor-element-b661b64\" data-id=\"b661b64\" data-element_type=\"column\">\n\t\t\t<div class=\"elementor-widget-wrap elementor-element-populated\">\n\t\t\t\t\t\t\t\t<div class=\"elementor-element elementor-element-de0dcfe elementor-widget elementor-widget-image\" data-id=\"de0dcfe\" data-element_type=\"widget\" data-widget_type=\"image.default\">\n\t\t\t\t<div class=\"elementor-widget-container\">\n\t\t\t\t\t\t\t\t\t\t\t\t\t\t\t<img width=\"268\" height=\"200\" src=\"https:\/\/www.thejollyguest.com\/blog\/wp-content\/uploads\/2021\/08\/diarioque..jpg\" class=\"attachment-large size-large\" alt=\"DiarioQue!\" loading=\"lazy\" srcset=\"https:\/\/www.thejollyguest.com\/blog\/wp-content\/uploads\/2021\/08\/diarioque..jpg 268w, https:\/\/www.thejollyguest.com\/blog\/wp-content\/uploads\/2021\/08\/diarioque.-80x60.jpg 80w\" sizes=\"(max-width: 268px) 100vw, 268px\" \/>\t\t\t\t\t\t\t\t\t\t\t\t\t\t\t<\/div>\n\t\t\t\t<\/div>\n\t\t\t\t\t<\/div>\n\t\t<\/div>\n\t\t\t\t<div class=\"elementor-column elementor-col-50 elementor-top-column elementor-element elementor-element-dc94f86\" data-id=\"dc94f86\" data-element_type=\"column\">\n\t\t\t<div class=\"elementor-widget-wrap elementor-element-populated\">\n\t\t\t\t\t\t\t\t<div class=\"elementor-element elementor-element-899d8fc elementor-widget elementor-widget-text-editor\" data-id=\"899d8fc\" data-element_type=\"widget\" data-widget_type=\"text-editor.default\">\n\t\t\t\t<div class=\"elementor-widget-container\">\n\t\t\t\t\t\t\t<div class=\"row mb-4\"><div class=\"col\"><p style=\"text-align: justify;\"><span style=\"color: #000000;\">\u00abEn Espa\u00f1a la \u00fanica web de\u00a0<strong>intercambio de casas<\/strong> es The JollyGuest, una plataforma\u00a0<strong>nueva e innovadora<\/strong> que asegura una estancia en cualquier destino de tu preferencia sin transacciones econ\u00f3micas.\u00bb <\/span><strong style=\"color: #e63b64;\"><a class=\"btn btn-main btn-xs float-right\" style=\"color: #e63b64; text-decoration: underline;\" href=\"https:\/\/www.que.es\/2021\/08\/03\/intercambio-de-casas-planificar-tu-viaje-durante-vacaciones\/\" target=\"_blank\" rel=\"noopener noreferrer\">Leer m\u00e1s<\/a><\/strong><\/p><\/div><\/div><div class=\"row mb-4\">\u00a0<\/div>\t\t\t\t\t\t<\/div>\n\t\t\t\t<\/div>\n\t\t\t\t\t<\/div>\n\t\t<\/div>\n\t\t\t\t\t\t\t<\/div>\n\t\t<\/section>\n\t\t\t\t\t\t\t<\/div>\n\t\t","protected":false},"excerpt":{"rendered":"<p>Hablan de nosotros \u00abEl&nbsp;intercambio de casas&nbsp;es una filosof\u00eda de viaje basada en la&nbsp;confianza, el respeto y la amistad, forma parte de la econom\u00eda colaborativa donde no existe ninguna transacci\u00f3n econ\u00f3mica y por ello, es la forma m\u00e1s econ\u00f3mica de viajar.\u00bb Leer m\u00e1s \u00abThe JollyGuest no es solo un sistema de&nbsp;intercambio de casas, sino que es un estilo de vida para disfrutar de forma \u00fanica. Es &hellip; <\/p>\n","protected":false},"author":1,"featured_media":18009,"parent":0,"menu_order":0,"comment_status":"closed","ping_status":"closed","template":"","meta":{"_monsterinsights_skip_tracking":false,"_monsterinsights_sitenote_active":false,"_monsterinsights_sitenote_note":"","_monsterinsights_sitenote_category":0},"yoast_head":"<!-- This site is optimized with the Yoast SEO plugin v20.5 - https:\/\/yoast.com\/wordpress\/plugins\/seo\/ -->\n<title>PRENSA - Viaja con el Intercambio de Casas<\/title>\n<meta name=\"robots\" content=\"index, follow, max-snippet:-1, max-image-preview:large, max-video-preview:-1\" \/>\n<link rel=\"canonical\" href=\"https:\/\/www.thejollyguest.com\/blog\/category-prensa-the-jolly-guest\/\" \/>\n<meta property=\"og:locale\" content=\"es_ES\" \/>\n<meta property=\"og:type\" content=\"article\" \/>\n<meta property=\"og:title\" content=\"PRENSA - Viaja con el Intercambio de Casas\" \/>\n<meta property=\"og:description\" content=\"Hablan de nosotros \u00abEl&nbsp;intercambio de casas&nbsp;es una filosof\u00eda de viaje basada en la&nbsp;confianza, el respeto y la amistad, forma parte de la econom\u00eda colaborativa donde no existe ninguna transacci\u00f3n econ\u00f3mica y por ello, es la forma m\u00e1s econ\u00f3mica de viajar.\u00bb Leer m\u00e1s \u00abThe JollyGuest no es solo un sistema de&nbsp;intercambio de casas, sino que es un estilo de vida para disfrutar de forma \u00fanica. Es &hellip;\" \/>\n<meta property=\"og:url\" content=\"https:\/\/www.thejollyguest.com\/blog\/category-prensa-the-jolly-guest\/\" \/>\n<meta property=\"og:site_name\" content=\"Viaja con el Intercambio de Casas\" \/>\n<meta property=\"article:modified_time\" content=\"2023-04-18T07:59:31+00:00\" \/>\n<meta property=\"og:image\" content=\"https:\/\/www.thejollyguest.com\/blog\/wp-content\/uploads\/2023\/04\/prensa-the-jolly-guest.png\" \/>\n\t<meta property=\"og:image:width\" content=\"1350\" \/>\n\t<meta property=\"og:image:height\" content=\"1080\" \/>\n\t<meta property=\"og:image:type\" content=\"image\/png\" \/>\n<meta name=\"twitter:card\" content=\"summary_large_image\" \/>\n<meta name=\"twitter:label1\" content=\"Tiempo de lectura\" \/>\n\t<meta name=\"twitter:data1\" content=\"2 minutos\" \/>\n<script type=\"application\/ld+json\" class=\"yoast-schema-graph\">{\"@context\":\"https:\/\/schema.org\",\"@graph\":[{\"@type\":\"WebPage\",\"@id\":\"https:\/\/www.thejollyguest.com\/blog\/category-prensa-the-jolly-guest\/\",\"url\":\"https:\/\/www.thejollyguest.com\/blog\/category-prensa-the-jolly-guest\/\",\"name\":\"PRENSA - Viaja con el Intercambio de Casas\",\"isPartOf\":{\"@id\":\"https:\/\/www.thejollyguest.com\/blog\/#website\"},\"datePublished\":\"2021-05-20T15:33:25+00:00\",\"dateModified\":\"2023-04-18T07:59:31+00:00\",\"breadcrumb\":{\"@id\":\"https:\/\/www.thejollyguest.com\/blog\/category-prensa-the-jolly-guest\/#breadcrumb\"},\"inLanguage\":\"es\",\"potentialAction\":[{\"@type\":\"ReadAction\",\"target\":[\"https:\/\/www.thejollyguest.com\/blog\/category-prensa-the-jolly-guest\/\"]}]},{\"@type\":\"BreadcrumbList\",\"@id\":\"https:\/\/www.thejollyguest.com\/blog\/category-prensa-the-jolly-guest\/#breadcrumb\",\"itemListElement\":[{\"@type\":\"ListItem\",\"position\":1,\"name\":\"Portada\",\"item\":\"https:\/\/www.thejollyguest.com\/blog\/\"},{\"@type\":\"ListItem\",\"position\":2,\"name\":\"PRENSA\"}]},{\"@type\":\"WebSite\",\"@id\":\"https:\/\/www.thejollyguest.com\/blog\/#website\",\"url\":\"https:\/\/www.thejollyguest.com\/blog\/\",\"name\":\"Viaja con el Intercambio de Casas\",\"description\":\"NO TE PIERDAS NINGUNA NOVEDAD\",\"publisher\":{\"@id\":\"https:\/\/www.thejollyguest.com\/blog\/#organization\"},\"potentialAction\":[{\"@type\":\"SearchAction\",\"target\":{\"@type\":\"EntryPoint\",\"urlTemplate\":\"https:\/\/www.thejollyguest.com\/blog\/?s={search_term_string}\"},\"query-input\":\"required name=search_term_string\"}],\"inLanguage\":\"es\"},{\"@type\":\"Organization\",\"@id\":\"https:\/\/www.thejollyguest.com\/blog\/#organization\",\"name\":\"The Jolly Guest\",\"url\":\"https:\/\/www.thejollyguest.com\/blog\/\",\"logo\":{\"@type\":\"ImageObject\",\"inLanguage\":\"es\",\"@id\":\"https:\/\/www.thejollyguest.com\/blog\/#\/schema\/logo\/image\/\",\"url\":\"https:\/\/www.thejollyguest.com\/blog\/wp-content\/uploads\/2021\/05\/Logo1.png\",\"contentUrl\":\"https:\/\/www.thejollyguest.com\/blog\/wp-content\/uploads\/2021\/05\/Logo1.png\",\"width\":2088,\"height\":598,\"caption\":\"The Jolly Guest\"},\"image\":{\"@id\":\"https:\/\/www.thejollyguest.com\/blog\/#\/schema\/logo\/image\/\"}}]}<\/script>\n<!-- \/ Yoast SEO plugin. -->","yoast_head_json":{"title":"PRENSA - Viaja con el Intercambio de Casas","robots":{"index":"index","follow":"follow","max-snippet":"max-snippet:-1","max-image-preview":"max-image-preview:large","max-video-preview":"max-video-preview:-1"},"canonical":"https:\/\/www.thejollyguest.com\/blog\/category-prensa-the-jolly-guest\/","og_locale":"es_ES","og_type":"article","og_title":"PRENSA - Viaja con el Intercambio de Casas","og_description":"Hablan de nosotros \u00abEl&nbsp;intercambio de casas&nbsp;es una filosof\u00eda de viaje basada en la&nbsp;confianza, el respeto y la amistad, forma parte de la econom\u00eda colaborativa donde no existe ninguna transacci\u00f3n econ\u00f3mica y por ello, es la forma m\u00e1s econ\u00f3mica de viajar.\u00bb Leer m\u00e1s \u00abThe JollyGuest no es solo un sistema de&nbsp;intercambio de casas, sino que es un estilo de vida para disfrutar de forma \u00fanica. Es &hellip;","og_url":"https:\/\/www.thejollyguest.com\/blog\/category-prensa-the-jolly-guest\/","og_site_name":"Viaja con el Intercambio de Casas","article_modified_time":"2023-04-18T07:59:31+00:00","og_image":[{"width":1350,"height":1080,"url":"https:\/\/www.thejollyguest.com\/blog\/wp-content\/uploads\/2023\/04\/prensa-the-jolly-guest.png","type":"image\/png"}],"twitter_card":"summary_large_image","twitter_misc":{"Tiempo de lectura":"2 minutos"},"schema":{"@context":"https:\/\/schema.org","@graph":[{"@type":"WebPage","@id":"https:\/\/www.thejollyguest.com\/blog\/category-prensa-the-jolly-guest\/","url":"https:\/\/www.thejollyguest.com\/blog\/category-prensa-the-jolly-guest\/","name":"PRENSA - Viaja con el Intercambio de Casas","isPartOf":{"@id":"https:\/\/www.thejollyguest.com\/blog\/#website"},"datePublished":"2021-05-20T15:33:25+00:00","dateModified":"2023-04-18T07:59:31+00:00","breadcrumb":{"@id":"https:\/\/www.thejollyguest.com\/blog\/category-prensa-the-jolly-guest\/#breadcrumb"},"inLanguage":"es","potentialAction":[{"@type":"ReadAction","target":["https:\/\/www.thejollyguest.com\/blog\/category-prensa-the-jolly-guest\/"]}]},{"@type":"BreadcrumbList","@id":"https:\/\/www.thejollyguest.com\/blog\/category-prensa-the-jolly-guest\/#breadcrumb","itemListElement":[{"@type":"ListItem","position":1,"name":"Portada","item":"https:\/\/www.thejollyguest.com\/blog\/"},{"@type":"ListItem","position":2,"name":"PRENSA"}]},{"@type":"WebSite","@id":"https:\/\/www.thejollyguest.com\/blog\/#website","url":"https:\/\/www.thejollyguest.com\/blog\/","name":"Viaja con el Intercambio de Casas","description":"NO TE PIERDAS NINGUNA NOVEDAD","publisher":{"@id":"https:\/\/www.thejollyguest.com\/blog\/#organization"},"potentialAction":[{"@type":"SearchAction","target":{"@type":"EntryPoint","urlTemplate":"https:\/\/www.thejollyguest.com\/blog\/?s={search_term_string}"},"query-input":"required name=search_term_string"}],"inLanguage":"es"},{"@type":"Organization","@id":"https:\/\/www.thejollyguest.com\/blog\/#organization","name":"The Jolly Guest","url":"https:\/\/www.thejollyguest.com\/blog\/","logo":{"@type":"ImageObject","inLanguage":"es","@id":"https:\/\/www.thejollyguest.com\/blog\/#\/schema\/logo\/image\/","url":"https:\/\/www.thejollyguest.com\/blog\/wp-content\/uploads\/2021\/05\/Logo1.png","contentUrl":"https:\/\/www.thejollyguest.com\/blog\/wp-content\/uploads\/2021\/05\/Logo1.png","width":2088,"height":598,"caption":"The Jolly Guest"},"image":{"@id":"https:\/\/www.thejollyguest.com\/blog\/#\/schema\/logo\/image\/"}}]}},"_links":{"self":[{"href":"https:\/\/www.thejollyguest.com\/blog\/wp-json\/wp\/v2\/pages\/9"}],"collection":[{"href":"https:\/\/www.thejollyguest.com\/blog\/wp-json\/wp\/v2\/pages"}],"about":[{"href":"https:\/\/www.thejollyguest.com\/blog\/wp-json\/wp\/v2\/types\/page"}],"author":[{"embeddable":true,"href":"https:\/\/www.thejollyguest.com\/blog\/wp-json\/wp\/v2\/users\/1"}],"replies":[{"embeddable":true,"href":"https:\/\/www.thejollyguest.com\/blog\/wp-json\/wp\/v2\/comments?post=9"}],"version-history":[{"count":6,"href":"https:\/\/www.thejollyguest.com\/blog\/wp-json\/wp\/v2\/pages\/9\/revisions"}],"predecessor-version":[{"id":18010,"href":"https:\/\/www.thejollyguest.com\/blog\/wp-json\/wp\/v2\/pages\/9\/revisions\/18010"}],"wp:featuredmedia":[{"embeddable":true,"href":"https:\/\/www.thejollyguest.com\/blog\/wp-json\/wp\/v2\/media\/18009"}],"wp:attachment":[{"href":"https:\/\/www.thejollyguest.com\/blog\/wp-json\/wp\/v2\/media?parent=9"}],"curies":[{"name":"wp","href":"https:\/\/api.w.org\/{rel}","templated":true}]}}